{"id":36,"date":"2013-02-15T21:33:49","date_gmt":"2013-02-15T21:33:49","guid":{"rendered":"http:\/\/prezesm.kylos.pl\/chnk\/?page_id=36"},"modified":"2026-01-02T17:09:13","modified_gmt":"2026-01-02T17:09:13","slug":"duszpasterze","status":"publish","type":"page","link":"https:\/\/www.chnk.pl\/?page_id=36","title":{"rendered":"Duszpasterze"},"content":{"rendered":"<p><strong>Proboszcz<\/strong><\/p>\n<p>Ks. Zbigniew WI\u015aNIEWSKI<\/p>\n<p>&nbsp;<\/p>\n<p>&nbsp;<\/p>\n<p><strong>Pierwszy Proboszcz naszej Parafii<\/strong><\/p>\n<p>Ks. kanonik Wojciech NOGALSKI (1989-2025)<\/p>\n<p><strong>Byli Wikariusze naszej parafii:<\/strong><\/p>\n<p>Ks. Maciej Wala<\/p>\n<p>Ks. Adam Skrzypczak<\/p>\n<p>Ks. Rafa\u0142 Krakowiak<\/p>\n<p>\u015bp. Ks. Marek Pawlak<\/p>\n<p>Ks. \u0141ukasz Lewandowski<\/p>\n<p>Ks. Szymon Nowicki<\/p>\n<p>Ks. Jaros\u0142aw Czy\u017cewski<\/p>\n<p><strong>Do pomocy duszpasterskiej skierowany by\u0142:<\/strong><\/p>\n<p>Ks.dr Jacek ZJAWIN&nbsp;<\/p>\n<p>Ks. Tomasz SOBOLEWSKI<\/p>\n<p><strong>Kap\u0142ani pochodz\u0105cy z naszej parafii:<\/strong><\/p>\n<p>Ks. Lucjan Bartkowiak CM &#8211; 2000<\/p>\n<p>Ks. Andrzej Pajzderski &#8211; 2001<\/p>\n<p>Ks. Piotr Jakubowski &#8211; 2012<\/p>\n","protected":false},"excerpt":{"rendered":"<p>Proboszcz Ks. Zbigniew WI\u015aNIEWSKI &nbsp; &nbsp; Pierwszy Proboszcz naszej Parafii Ks. kanonik Wojciech NOGALSKI (1989-2025) Byli Wikariusze naszej parafii: Ks. Maciej Wala Ks. Adam Skrzypczak Ks. Rafa\u0142 Krakowiak \u015bp. Ks. Marek Pawlak Ks. \u0141ukasz Lewandowski Ks. Szymon Nowicki Ks. Jaros\u0142aw Czy\u017cewski Do pomocy duszpasterskiej skierowany by\u0142: Ks.dr Jacek ZJAWIN&nbsp; Ks. Tomasz SOBOLEWSKI Kap\u0142ani pochodz\u0105cy z &#8230; <span class=\"more\"><a class=\"more-link\" href=\"https:\/\/www.chnk.pl\/?page_id=36\">czytaj wi\u0119cej<\/a><\/span><\/p>\n","protected":false},"author":1,"featured_media":0,"parent":0,"menu_order":0,"comment_status":"open","ping_status":"open","template":"","meta":{"ngg_post_thumbnail":0,"footnotes":""},"_links":{"self":[{"href":"https:\/\/www.chnk.pl\/index.php?rest_route=\/wp\/v2\/pages\/36"}],"collection":[{"href":"https:\/\/www.chnk.pl\/index.php?rest_route=\/wp\/v2\/pages"}],"about":[{"href":"https:\/\/www.chnk.pl\/index.php?rest_route=\/wp\/v2\/types\/page"}],"author":[{"embeddable":true,"href":"https:\/\/www.chnk.pl\/index.php?rest_route=\/wp\/v2\/users\/1"}],"replies":[{"embeddable":true,"href":"https:\/\/www.chnk.pl\/index.php?rest_route=%2Fwp%2Fv2%2Fcomments&post=36"}],"version-history":[{"count":20,"href":"https:\/\/www.chnk.pl\/index.php?rest_route=\/wp\/v2\/pages\/36\/revisions"}],"predecessor-version":[{"id":4612,"href":"https:\/\/www.chnk.pl\/index.php?rest_route=\/wp\/v2\/pages\/36\/revisions\/4612"}],"wp:attachment":[{"href":"https:\/\/www.chnk.pl\/index.php?rest_route=%2Fwp%2Fv2%2Fmedia&parent=36"}],"curies":[{"name":"wp","href":"https:\/\/api.w.org\/{rel}","templated":true}]}}